{"id":3242,"date":"2020-06-20T12:30:37","date_gmt":"2020-06-20T12:30:37","guid":{"rendered":"http:\/\/xn--diseowebtucuman-1qb.com.ar\/fau\/?page_id=3242"},"modified":"2020-06-20T12:30:37","modified_gmt":"2020-06-20T12:30:37","slug":"secretaria-de-investigacion-y-posgrado","status":"publish","type":"page","link":"http:\/\/xn--diseowebtucuman-1qb.com.ar\/fau\/secretaria-de-investigacion-y-posgrado\/","title":{"rendered":"Secretar\u00eda de Investigaci\u00f3n y Posgrado"},"content":{"rendered":"<p>Su misi\u00f3n es entender en todos los asuntos relacionados con la formulaci\u00f3n, promoci\u00f3n y gesti\u00f3n de las actividades de Investigaci\u00f3n y Posgrado de la Facultad. Entre sus funciones est\u00e1 la de colaborar con el Decanato en lo referente a la elaboraci\u00f3n de una pol\u00edtica cient\u00edfica de la Facultad, entender en las relaciones de la Facultad con el Consejo de Investigaciones y del Consejo de Posgrado de la UNT, vincularse con organismos nacionales o extranjeros de promoci\u00f3n y apoyo a la investigaci\u00f3n cient\u00edfica, promover la publicaci\u00f3n y difusi\u00f3n de las investigaciones cient\u00edficas realizadas en el \u00e1mbito de la Facultad, brindar asistencia a los docentes e investigadores en lo relacionado con la tramitaci\u00f3n y administraci\u00f3n de becas y subsidios y promover la participaci\u00f3n de docentes, alumnos y graduados en las actividades de investigaci\u00f3n y transferencia.<\/p>\n<p>La Secretar\u00eda funciona con un Consejo de Investigaci\u00f3n y Posgrado conformado por un representante de cada instituto de la FAU y un egresado propuesto por el Colegio de Arquitectos de Tucum\u00e1n. Se re\u00fane peri\u00f3dicamente cada 15 d\u00edas y tiene como funci\u00f3n asesorar sobre las pol\u00edticas en materia de investigaci\u00f3n y posgrado de la FAU al y aconsejar en los temas que le son propios al Honorable Consejo Directivo de la FAU.<\/p>\n<p>La FAU cuenta con diversos centros de investigaci\u00f3n de alto nivel en diversas l\u00edneas espec\u00edficas. Son tambi\u00e9n un recurso de apoyo a la investigaci\u00f3n con equipamiento y licencias que les permiten sostener una activa oferta de servicios al medio. Las estructuras funcionales son din\u00e1micas y variadas y las tem\u00e1ticas que investigan pueden advertirse a partir de sus propias denominaciones. Entre ellos:<\/p>\n<ul>\n<li>CRIATIC (Centro Regional de Investigaciones de Arquitectura de Tierra Cruda)<\/li>\n<li>LABORATORIO DE ACONDICIONAMIENTO AMBIENTAL.<\/li>\n<li>LEME\u00a0 (Laboratorio de Materiales y Elementos de Edificios):<\/li>\n<li>OFUT (Observatorio de Fen\u00f3menos Urbanos Territoriales).<\/li>\n<li>INSTITUTO DE HISTORIA Y PATRIMONIO<\/li>\n<li>CENTRO DOCUMENTAL DE LA ARQUITECTURA DEL NOA.<\/li>\n<li>CETYHAP (Centro de Estudios del Territorio y H\u00e1bitat Popular)<\/li>\n<li>CEEHAS (Centro de Estudios de Energ\u00eda, Habitabilidad y Arquitectura Sustentable)<\/li>\n<\/ul>\n<p>Son objetivos de la gesti\u00f3n acrecentar la oferta del posgrado, promoviendo la creaci\u00f3n de carreras propias y apoyando la capacitaci\u00f3n y el perfeccionamiento acad\u00e9mico de docentes, egresados y estudiantes en centros de estudio nacionales y extranjeros. Tambi\u00e9n propiciar la divulgaci\u00f3n y el reconocimiento de las experiencias docentes, de investigaci\u00f3n y de extensi\u00f3n. Sistematizar la discusi\u00f3n de los contenidos inherentes a un pensamiento disciplinar inscripto en las cotas de nuestra realidad local y contempor\u00e1nea.<\/p>\n<h1>Relaci\u00f3n con el \u00c1rea de Posgrado de la UNT<\/h1>\n<p>La FAU mantiene una participaci\u00f3n activa y sostenida en los Consejos de Investigaci\u00f3n y de Posgrado de la UNT. Esta est\u00e1 cubierta por la Secretaria de Investigaci\u00f3n y Posgrado y de esta forma se mantiene actualizada la adecuaci\u00f3n a los temas emergentes y las discusiones que se suscitan. A la vez, a trav\u00e9s\u00a0 del Consejo de Investigaci\u00f3n y Posgrado de la FAU, se establece un canal directo con los representantes de docentes investigadores nucleados en los Institutos de la FAU, as\u00ed como del Colegio de Arquitectos, tanto para actualizaci\u00f3n como para conocer la problem\u00e1tica propia y llevarla a nivel de UNT.<\/p>\n<hr \/>\n<div><\/div>\n","protected":false},"excerpt":{"rendered":"<p>Su misi\u00f3n es entender en todos los asuntos relacionados con la formulaci\u00f3n, promoci\u00f3n y gesti\u00f3n de las actividades de Investigaci\u00f3n [&hellip;]<\/p>\n","protected":false},"author":1,"featured_media":1354,"parent":0,"menu_order":0,"comment_status":"closed","ping_status":"closed","template":"","meta":{"footnotes":"","_links_to":"","_links_to_target":""},"categories":[],"tags":[],"class_list":["post-3242","page","type-page","status-publish","has-post-thumbnail","hentry"],"_links":{"self":[{"href":"http:\/\/xn--diseowebtucuman-1qb.com.ar\/fau\/wp-json\/wp\/v2\/pages\/3242","targetHints":{"allow":["GET"]}}],"collection":[{"href":"http:\/\/xn--diseowebtucuman-1qb.com.ar\/fau\/wp-json\/wp\/v2\/pages"}],"about":[{"href":"http:\/\/xn--diseowebtucuman-1qb.com.ar\/fau\/wp-json\/wp\/v2\/types\/page"}],"author":[{"embeddable":true,"href":"http:\/\/xn--diseowebtucuman-1qb.com.ar\/fau\/wp-json\/wp\/v2\/users\/1"}],"replies":[{"embeddable":true,"href":"http:\/\/xn--diseowebtucuman-1qb.com.ar\/fau\/wp-json\/wp\/v2\/comments?post=3242"}],"version-history":[{"count":1,"href":"http:\/\/xn--diseowebtucuman-1qb.com.ar\/fau\/wp-json\/wp\/v2\/pages\/3242\/revisions"}],"predecessor-version":[{"id":3243,"href":"http:\/\/xn--diseowebtucuman-1qb.com.ar\/fau\/wp-json\/wp\/v2\/pages\/3242\/revisions\/3243"}],"wp:featuredmedia":[{"embeddable":true,"href":"http:\/\/xn--diseowebtucuman-1qb.com.ar\/fau\/wp-json\/wp\/v2\/media\/1354"}],"wp:attachment":[{"href":"http:\/\/xn--diseowebtucuman-1qb.com.ar\/fau\/wp-json\/wp\/v2\/media?parent=3242"}],"wp:term":[{"taxonomy":"category","embeddable":true,"href":"http:\/\/xn--diseowebtucuman-1qb.com.ar\/fau\/wp-json\/wp\/v2\/categories?post=3242"},{"taxonomy":"post_tag","embeddable":true,"href":"http:\/\/xn--diseowebtucuman-1qb.com.ar\/fau\/wp-json\/wp\/v2\/tags?post=3242"}],"curies":[{"name":"wp","href":"https:\/\/api.w.org\/{rel}","templated":true}]}}