{"id":1932,"date":"2020-02-17T19:58:12","date_gmt":"2020-02-17T19:58:12","guid":{"rendered":"http:\/\/xn--diseowebtucuman-1qb.com.ar\/fau\/?page_id=1932"},"modified":"2020-02-17T21:29:50","modified_gmt":"2020-02-17T21:29:50","slug":"antecedentes","status":"publish","type":"page","link":"http:\/\/xn--diseowebtucuman-1qb.com.ar\/fau\/antecedentes\/","title":{"rendered":"Antecedentes"},"content":{"rendered":"<p>La extensi\u00f3n es una condici\u00f3n inmanente a la arquitectura y el urbanismo, actividades que hist\u00f3ricamente se han abocado al estudio de la ciudad y al problema de mejorar las condiciones de vida de nuestra sociedad. implica no solo\u00a0volver la mirada a la realidad,\u00a0a la comunidad, al medio urbano, local y regional, detectando sus problemas, conflictos y desigualdades, sino fundamentalmente,\u00a0actuar sobre ellos,\u00a0buscando soluciones a las diversas problem\u00e1ticas, intentando caminos\u00a0para mejorar la calidad de vida de nuestra sociedad.<\/p>\n<p>En esta Facultad a lo largo de sus a\u00f1os, docentes, investigadores y estudiantes han desarrollado una intensa actividad de extensi\u00f3n y vinculaci\u00f3n con el medio. Sin embargo, si bien la reflexi\u00f3n sobre estos problemas son una tradici\u00f3n en nuestra instituci\u00f3n, no es sino hasta hace unas d\u00e9cadas, que la extensi\u00f3n alcanza estado institucional como actividad diferenciada y promovida oficialmente, cuando se empiezan a fomentar y abrir canales para acciones directas.<\/p>\n<p>Los v\u00ednculos entre nuestra Instituci\u00f3n y los diversos actores de la Sociedad, as\u00ed como la integraci\u00f3n de la FAU con la realidad local, regional, nacional e internacional, permiten el desarrollo de actividades y acciones que involucran no solo a la facultad sino a actores ajenos a ella, a trav\u00e9s de la extensi\u00f3n universitaria, favoreciendo y articulando las acciones de docencia e investigaci\u00f3n de nuestra Casa.<\/p>\n<p>Uno de los principales lineamientos de esta gesti\u00f3n es promover de manera en\u00e9rgica el desarrollo de esta actividad, a trav\u00e9s del trabajo que realizan las materias curriculares, materias electivas, proyectos de extensi\u00f3n, proyectos de investigaci\u00f3n, pr\u00e1cticas sociales, proyectos de voluntariado, de cuyo trabajo surgen planteos urbanos, soluciones tecnol\u00f3gicas, soluciones ambientales, y soluciones constructivas.<\/p>\n<p>Esp\u00edritu cr\u00edtico, responsabilidad social, empat\u00eda con los sectores m\u00e1s vulnerables, son los valores que subyacen por detr\u00e1s de estas actividades, y es responsabilidad de esta secretar\u00eda el promoverlas y sostenerlas con el apoyo, participaci\u00f3n y compromiso de docentes, estudiantes y de la comunidad misma.<\/p>\n<hr \/>\n<div><\/div>\n<hr \/>\n<h1>Consejo de Extensi\u00f3n FAU<\/h1>\n<p>El Consejo de Extensi\u00f3n de la Facultad de Arquitectura y Urbanismo de la Universidad Nacional de Tucum\u00e1n se constituye como \u00f3rgano especial asesor del Honorable Consejo Directivo, para asesorar sobre los lineamientos de pol\u00edticas de extensi\u00f3n universitaria as\u00ed como en la organizaci\u00f3n, coordinaci\u00f3n y supervisi\u00f3n de cursos, proyectos de extensi\u00f3n universitaria y otras actividades que tengan por objeto consolidar la relaci\u00f3n entre la Facultad y el Medio.<\/p>\n<h3>Integrantes CE &#8211; FAU<\/h3>\n","protected":false},"excerpt":{"rendered":"<p>La extensi\u00f3n es una condici\u00f3n inmanente a la arquitectura y el urbanismo, actividades que hist\u00f3ricamente se han abocado al estudio [&hellip;]<\/p>\n","protected":false},"author":1,"featured_media":1936,"parent":0,"menu_order":0,"comment_status":"closed","ping_status":"closed","template":"","meta":{"footnotes":"","_links_to":"","_links_to_target":""},"categories":[],"tags":[],"class_list":["post-1932","page","type-page","status-publish","has-post-thumbnail","hentry"],"_links":{"self":[{"href":"http:\/\/xn--diseowebtucuman-1qb.com.ar\/fau\/wp-json\/wp\/v2\/pages\/1932","targetHints":{"allow":["GET"]}}],"collection":[{"href":"http:\/\/xn--diseowebtucuman-1qb.com.ar\/fau\/wp-json\/wp\/v2\/pages"}],"about":[{"href":"http:\/\/xn--diseowebtucuman-1qb.com.ar\/fau\/wp-json\/wp\/v2\/types\/page"}],"author":[{"embeddable":true,"href":"http:\/\/xn--diseowebtucuman-1qb.com.ar\/fau\/wp-json\/wp\/v2\/users\/1"}],"replies":[{"embeddable":true,"href":"http:\/\/xn--diseowebtucuman-1qb.com.ar\/fau\/wp-json\/wp\/v2\/comments?post=1932"}],"version-history":[{"count":3,"href":"http:\/\/xn--diseowebtucuman-1qb.com.ar\/fau\/wp-json\/wp\/v2\/pages\/1932\/revisions"}],"predecessor-version":[{"id":1978,"href":"http:\/\/xn--diseowebtucuman-1qb.com.ar\/fau\/wp-json\/wp\/v2\/pages\/1932\/revisions\/1978"}],"wp:featuredmedia":[{"embeddable":true,"href":"http:\/\/xn--diseowebtucuman-1qb.com.ar\/fau\/wp-json\/wp\/v2\/media\/1936"}],"wp:attachment":[{"href":"http:\/\/xn--diseowebtucuman-1qb.com.ar\/fau\/wp-json\/wp\/v2\/media?parent=1932"}],"wp:term":[{"taxonomy":"category","embeddable":true,"href":"http:\/\/xn--diseowebtucuman-1qb.com.ar\/fau\/wp-json\/wp\/v2\/categories?post=1932"},{"taxonomy":"post_tag","embeddable":true,"href":"http:\/\/xn--diseowebtucuman-1qb.com.ar\/fau\/wp-json\/wp\/v2\/tags?post=1932"}],"curies":[{"name":"wp","href":"https:\/\/api.w.org\/{rel}","templated":true}]}}