{"id":107,"date":"2018-01-04T04:20:28","date_gmt":"2018-01-04T04:20:28","guid":{"rendered":"http:\/\/shtheme.com\/demosd\/udemawp\/?page_id=107"},"modified":"2020-03-03T05:24:11","modified_gmt":"2020-03-03T05:24:11","slug":"faq","status":"publish","type":"page","link":"http:\/\/xn--diseowebtucuman-1qb.com.ar\/fau\/faq\/","title":{"rendered":"Ingresantes"},"content":{"rendered":"<p>[vc_row][vc_column] \n    <section id=\"hero_in\" class=\"general\">\n      <div class=\"wrapper\">\n        <div class=\"container\">\n          <h1 class=\"fadeInUp\"><span><\/span>Gu\u00eda para ingresantes \/ Arquitectura<\/h1>\n        <\/div>\n      <\/div>\n    <\/section>\n    <style>\n    #hero_in.general:before {\n    background: url(http:\/\/xn--diseowebtucuman-1qb.com.ar\/fau\/wp-content\/uploads\/2020\/02\/2019-09-25-101557__slider_big_31.jpg) center center no-repeat;\n    -webkit-background-size: cover;\n    -moz-background-size: cover;\n    -o-background-size: cover;\n    background-size: cover;\n}\n    <\/style>\n[\/vc_column][\/vc_row][vc_row type_row=&#8221;faq&#8221;][vc_column width=&#8221;1\/4&#8243; type=&#8221;faq1&#8243;] \n    <li><a href=\"#acor1\" class=\"active\"><i class=\"icon_document_alt\"><\/i>\u00bfC\u00f3mo me inscribo?<\/a><\/li>\n \n    <li><a href=\"#acor2\" class=\"no\"><i class=\"icon_document_alt\"><\/i>Requisitos<\/a><\/li>\n[\/vc_column][vc_column width=&#8221;3\/4&#8243; column_id=&#8221;faq&#8221; type=&#8221;column&#8221; image=&#8221;1359&#8243;] \n    <h4 class=\"nomargin_top\">Tr\u00e1mites para inscribirme en la carrera de Arquitectura<\/h4>\n    <div role=\"tablist\" class=\"add_bottom_45 accordion_2\" id=\"acor1\">\n      <div class=\"card\">\n        <div class=\"card-header\" role=\"tab\">\n          <h5 class=\"mb-0\">\n            <a data-toggle=\"collapse\" href=\"#collapseOne_acor1\" aria-expanded=\"true\"><i class=\"indicator ti-minus\"><\/i>Pre inscripci\u00f3n<\/a>\n          <\/h5>\n        <\/div>\n\n        <div id=\"collapseOne_acor1\" class=\"collapse no\" role=\"tabpanel\" data-parent=\"#acor1\">\n          <div class=\"card-body\">\n            <p>Comenzar\u00e1 el 07 de diciembre de 2019 y finaliza el 05 de Febrero de 2020.<\/p>\n<p>Pre inscripci\u00f3n por el SIU GUARAN\u00cd.<\/p>\n<p><\/p>\n          <\/div>\n        <\/div>\n      <\/div>\n      <!-- \/card -->\n      <div class=\"card\">\n        <div class=\"card-header\" role=\"tab\">\n          <h5 class=\"mb-0\">\n            <a class=\"collapsed\" data-toggle=\"collapse\" href=\"#collapseTwo_acor1\" aria-expanded=\"false\">\n              <i class=\"indicator ti-plus\"><\/i>C\u00f3mo realizar la Pre-Inscripci\u00f3n            <\/a>\n          <\/h5>\n        <\/div>\n        <div id=\"collapseTwo_acor1\" class=\"collapse\" role=\"tabpanel\" data-parent=\"#acor1\">\n          <div class=\"card-body\">\n            <p>Para preinscribirse, el interesado debe abrir esta p\u00e1gina:<br \/>\nhttp:\/\/vport.herrera.unt.edu.ar:8903\/preinscripcion\/acceso<br \/>\ny seguir las instrucciones que en ella figuran.<\/p>\n          <\/div>\n        <\/div>\n      <\/div>\n      <!-- \/card -->\n      <div class=\"card\">\n        <div class=\"card-header\" role=\"tab\">\n          <h5 class=\"mb-0\">\n            <a class=\"collapsed\" data-toggle=\"collapse\" href=\"#collapseThree_acor1\" aria-expanded=\"false\">\n              <i class=\"indicator ti-plus\"><\/i>Inscripci\u00f3n            <\/a>\n          <\/h5>\n        <\/div>\n        <div id=\"collapseThree_acor1\" class=\"collapse\" role=\"tabpanel\" data-parent=\"#acor1\">\n          <div class=\"card-body\">\n            <p>La Inscripci\u00f3n se realizar\u00e1, en la FAU, por ventanilla de Direcci\u00f3n Alumnos el 9 y 10 de marzo, en el horario de 08:00 a 12:30 hs y de 14:30 a 19:30 hs.<\/p>\n<p>La inscripci\u00f3n vencer\u00e1 indefectiblemente el d\u00eda 10 de marzo de 2020 a las 19,30 hs.<\/p>\n          <\/div>\n        <\/div>\n      <\/div>\n      <!-- \/card -->\n    <\/div>\n \n    <h4 class=\"nomargin_top\">Requisitos para validar la Inscripci\u00f3n realizada por Internet (Res. H.C.S. 2056\/89)<\/h4>\n    <div role=\"tablist\" class=\"add_bottom_45 accordion_2\" id=\"acor2\">\n      <div class=\"card\">\n        <div class=\"card-header\" role=\"tab\">\n          <h5 class=\"mb-0\">\n            <a data-toggle=\"collapse\" href=\"#collapseOne_acor2\" aria-expanded=\"true\"><i class=\"indicator ti-minus\"><\/i>Requisitos<\/a>\n          <\/h5>\n        <\/div>\n\n        <div id=\"collapseOne_acor2\" class=\"collapse no\" role=\"tabpanel\" data-parent=\"#acor2\">\n          <div class=\"card-body\">\n            <p>El aspirante debe presentarse en Direcci\u00f3n Alumnos de la Facultad de Arquitectura y Urbanismo con:<\/p>\n<p>Certificado de Estudios o Constancia de haber completado los estudios correspondientes a la Ense\u00f1anza Media (hasta el 31 de Marzo del 2020).<br \/>\nFotocopia del DNI actualizado.<br \/>\nTres fotos 4\u00d74 actualizadas (no escaneadas).<br \/>\nActa de Nacimiento actualizada.<br \/>\nHaber realizado el Curso Introductorio a la Arquitectura 2020.<br \/>\nConstancia de CUIL del Anses<br \/>\nFicha de Pre Inscripci\u00f3n, impresa y firmada.<\/p>\n          <\/div>\n        <\/div>\n      <\/div>\n      <!-- \/card -->\n      <div class=\"card\">\n        <div class=\"card-header\" role=\"tab\">\n          <h5 class=\"mb-0\">\n            <a class=\"collapsed\" data-toggle=\"collapse\" href=\"#collapseTwo_acor2\" aria-expanded=\"false\">\n              <i class=\"indicator ti-plus\"><\/i>Nota            <\/a>\n          <\/h5>\n        <\/div>\n        <div id=\"collapseTwo_acor2\" class=\"collapse\" role=\"tabpanel\" data-parent=\"#acor2\">\n          <div class=\"card-body\">\n            <p>Las pre-inscripciones realizadas en tiempo y forma pierden validez si no se cumplen con todos los requisitos arriba descriptos.<\/p>\n          <\/div>\n        <\/div>\n      <\/div>\n      <!-- \/card -->\n      <div class=\"card\">\n        <div class=\"card-header\" role=\"tab\">\n          <h5 class=\"mb-0\">\n            <a class=\"collapsed\" data-toggle=\"collapse\" href=\"#collapseThree_acor2\" aria-expanded=\"false\">\n              <i class=\"indicator ti-plus\"><\/i>            <\/a>\n          <\/h5>\n        <\/div>\n        <div id=\"collapseThree_acor2\" class=\"collapse\" role=\"tabpanel\" data-parent=\"#acor2\">\n          <div class=\"card-body\">\n            <p><br \/>\n<\/p>\n          <\/div>\n        <\/div>\n      <\/div>\n      <!-- \/card -->\n    <\/div>\n[\/vc_column][\/vc_row]<\/p>\n","protected":false},"excerpt":{"rendered":"<p>[vc_row][vc_column][\/vc_column][\/vc_row][vc_row type_row=&#8221;faq&#8221;][vc_column width=&#8221;1\/4&#8243; type=&#8221;faq1&#8243;][\/vc_column][vc_column width=&#8221;3\/4&#8243; column_id=&#8221;faq&#8221; type=&#8221;column&#8221; image=&#8221;1359&#8243;][\/vc_column][\/vc_row]<\/p>\n","protected":false},"author":1,"featured_media":0,"parent":0,"menu_order":0,"comment_status":"closed","ping_status":"closed","template":"page-templates\/template-home.php","meta":{"footnotes":"","_links_to":"","_links_to_target":""},"categories":[],"tags":[],"class_list":["post-107","page","type-page","status-publish","hentry"],"_links":{"self":[{"href":"http:\/\/xn--diseowebtucuman-1qb.com.ar\/fau\/wp-json\/wp\/v2\/pages\/107","targetHints":{"allow":["GET"]}}],"collection":[{"href":"http:\/\/xn--diseowebtucuman-1qb.com.ar\/fau\/wp-json\/wp\/v2\/pages"}],"about":[{"href":"http:\/\/xn--diseowebtucuman-1qb.com.ar\/fau\/wp-json\/wp\/v2\/types\/page"}],"author":[{"embeddable":true,"href":"http:\/\/xn--diseowebtucuman-1qb.com.ar\/fau\/wp-json\/wp\/v2\/users\/1"}],"replies":[{"embeddable":true,"href":"http:\/\/xn--diseowebtucuman-1qb.com.ar\/fau\/wp-json\/wp\/v2\/comments?post=107"}],"version-history":[{"count":25,"href":"http:\/\/xn--diseowebtucuman-1qb.com.ar\/fau\/wp-json\/wp\/v2\/pages\/107\/revisions"}],"predecessor-version":[{"id":2334,"href":"http:\/\/xn--diseowebtucuman-1qb.com.ar\/fau\/wp-json\/wp\/v2\/pages\/107\/revisions\/2334"}],"wp:attachment":[{"href":"http:\/\/xn--diseowebtucuman-1qb.com.ar\/fau\/wp-json\/wp\/v2\/media?parent=107"}],"wp:term":[{"taxonomy":"category","embeddable":true,"href":"http:\/\/xn--diseowebtucuman-1qb.com.ar\/fau\/wp-json\/wp\/v2\/categories?post=107"},{"taxonomy":"post_tag","embeddable":true,"href":"http:\/\/xn--diseowebtucuman-1qb.com.ar\/fau\/wp-json\/wp\/v2\/tags?post=107"}],"curies":[{"name":"wp","href":"https:\/\/api.w.org\/{rel}","templated":true}]}}